71, x - 5*j - 6 = 17. What is the greatest common divisor of 3 and x?
3
Let x be -1*62*(-7)/14. Suppose 5*a = 5*l + 35, 5*a - l + 0*l - x = 0. Let m(q) = 2*q + 3. Let b be m(6). Calculate the highest common factor of a and b.
3
Let u be (6/2)/(2 + -1). Suppose u = 3*j - 4*f - 12, 0 = 2*j - f - 5. Let c = 170 + -169. Calculate the greatest common divisor of c and j.
1
Let m = -559 - -567. What is the greatest common divisor of m and 88?
8
Let h(f) = -8*f - 2. Let n(p) = 25*p + 7. Let l(u) = -7*h(u) - 2*n(u). Let m be l(1). Suppose -12*t + 289 = 73. What is the greatest common factor of m and t?
6
Suppose -1607*b = -1615*b + 2496. What is the greatest common divisor of b and 3?
3
Let w(o) = o**3 - 75*o**2 + 79*o - 268. Let h be w(74). What is the highest common divisor of 24 and h?
6
Suppose -5*k + 86 = 34*p - 31*p, -4*k + p + 62 = 0. Calculate the highest common divisor of 168 and k.
8
Suppose 2*j - 672 = -3*w, -3*w - 261 = -5*j - 933. Let s be -3*(-1 + (-2)/3). Suppose -s*y = 23 - 183. What is the greatest common divisor of y and w?
32
Let i(c) = c**3 + 31*c**2 + 30*c + 20. Let q be i(-30). Calculate the greatest common divisor of 2240 and q.
20
Suppose 4*c - 2*h - 2302 = 0, c = 5*h + 99 + 472. Calculate the greatest common factor of c and 36.
36
Let k(b) = -b**2 + 6*b - 1. Let u be k(1). Let o = 14 + 6. What is the greatest common factor of o and u?
4
Suppose -2353 - 815 = -11*z. What is the highest common factor of z and 6?
6
Let b(p) = -p**3 - 7*p**2 + 6*p - 13. Let n be b(-8). Suppose 0*j = -n*j - 9, -5*z = -3*j - 199. Calculate the highest common divisor of z and 38.
38
Suppose 5 + 13 = t. Let m be (t/45)/((-1)/(-15)). Let b be (0 - 5)/((-3)/m). Calculate the highest common factor of 20 and b.
10
Let c be ((-3)/(-3))/(6/12). Suppose 5*o - 2*z - 20 + 18 = 0, -2*z = o - 10. What is the greatest common divisor of o and c?
2
Suppose 2*v + 0 = 12. Let x = 127 + -121. What is the highest common factor of x and v?
6
Suppose 0 = -4*k - 986 + 1574. Calculate the highest common factor of 21 and k.
21
Suppose -4*h + 2*y = -62, 6*h - 8*h + 2*y = -30. Suppose 4*o = -4, -l + 3*o + 18 = 2*l. Let c be 2552/20 + 2/l. Calculate the highest common divisor of c and h.
16
Suppose 28 = 5*u - 32. What is the greatest common divisor of 28 and u?
4
Suppose 5*f - 3*y + 245 = -2*y, 0 = 2*f - 4*y + 116. Let m = f + 94. Let c = 39 + -16. What is the greatest common divisor of m and c?
23
Let j(y) be the second derivative of y**4/12 + 5*y**3/6 - 23*y**2/2 + 2*y - 5. Let t be j(-8). What is the highest common factor of t and 1?
1
Let f(g) = -g + 24. Let o be f(10). Suppose -38 + o = -6*z. Calculate the highest common divisor of z and 6.
2
Let f be (968/12)/(2/6). Suppose -2*c - 4*z = 136, -3*z - z = -c - 62. Let j be (32/12 - 3)/(1/c). What is the greatest common factor of j and f?
22
Suppose 2*z - 6 = 0, -3*l - 3*z + 20 = 2. Suppose -l*k - 2*b + 146 = 0, 5*b + 166 + 21 = 4*k. What is the highest common divisor of k and 24?
24
Suppose 3*g - 280 = -g. Let b = -66 + 116. Suppose 5*h + b = 3*o - 0*o, -16 = 4*h. What is the highest common factor of g and o?
10
Let m(d) = -20*d + 644. Let a be m(32). Let z(r) = -2*r + 4. Let w be z(3). Let b be 34/8 - w/(-8). What is the greatest common divisor of b and a?
4
Suppose 9*w + 4*u = 10*w - 55, -5*w = -2*u - 239. Calculate the highest common divisor of 47 and w.
47
Suppose -15*a + 144 = -18*a. Let g(u) = u**3 + 5*u**2 + 4*u + 3. Let b be g(-4). Let t be 22/(-33)*a*b. Calculate the greatest common factor of 12 and t.
12
Suppose 0 = -3*q + 4*q - 15. Let y(a) = 13*a - 5. Let t be 16/8 + (-6)/(-2). Let f be y(t). What is the greatest common factor of f and q?
15
Let g(f) = 5*f**2 + 9*f + 9. Let o be g(4). Calculate the highest common factor of 200 and o.
25
Let t(b) = -b + 8. Let c be t(-6). Suppose 0 = -4*k + 115 + 37. Suppose 0 = -4*h + 20, -h - h + k = 4*y. What is the highest common divisor of c and y?
7
Let h(v) = -v**2 - 18*v + 102. Let f be h(-21). What is the greatest common divisor of f and 208?
13
Suppose 0*w + w = -3*u - 5, -5*w + 35 = 3*u. Let o be (-364)/(-18) + 6/(-27). What is the highest common divisor of w and o?
10
Let x = -428 - -436. Calculate the highest common factor of 152 and x.
8
Suppose g - 20 = -3*g. Suppose 0 = -2*i + g + 25. Suppose 3*s + s = 60. What is the highest common factor of s and i?
15
Suppose -3*u = -2*w + 314, -4*u = -9 + 17. Let k be 272/12 + 4/(-6). What is the greatest common divisor of k and w?
22
Suppose -3*a = -r + 214, -a = -0*a - 2*r + 78. Let z be (-14)/a - 98/(-10). Let q = 24 - z. What is the greatest common factor of q and 98?
14
Suppose 2*l + x + 5 - 36 = 0, 0 = 3*x - 15. Suppose -45 = -2*j + 33. What is the highest common divisor of j and l?
13
Suppose -186*h + 181*h = -4095. What is the highest common divisor of 63 and h?
63
Let a be (-50)/(-1) - (3 - 6). What is the greatest common divisor of a and 848?
53
Let c(u) = -2*u - 76. Let s be c(-54). What is the greatest common divisor of s and 44?
4
Let t(x) = -5*x - 118. Let y be t(-27). What is the greatest common divisor of 901 and y?
17
Suppose 4*z = 0, 11*v + 2*z = 14*v - 405. Calculate the highest common factor of 450 and v.
45
Let q be 4/4*-7*4160/(-28). Calculate the greatest common divisor of q and 65.
65
Suppose v - 4*v + 12 = 0. Suppose -f + 4*r = -24, -r + 79 = 3*f + f. Suppose v*p - f = 92. What is the greatest common divisor of p and 70?
14
Suppose -u - l - 52 = -2*u, 5*u = l + 240. What is the highest common factor of u and 611?
47
Suppose -5*j - 3*o = -2151, 3*j - 35 - 1252 = -3*o. Suppose -2*a - j = -5*a. Let k = 35 + -19. Calculate the greatest common factor of k and a.
16
Let c = -1 + 2. Let k be (-4 - c*-2) + 72. Let f(x) = -6*x**2 - 276*x + 310. Let b be f(-47). What is the greatest common divisor of b and k?
14
Suppose -4*b + 12 = -t - t, -4*t + 4*b = 8. Suppose -68 + 26 = -t*x. What is the greatest common factor of 126 and x?
21
Suppose 0 = 2*j + c - 18, -j + 3*c + 14 = 6*c. Let u be (j + -74)/((-3)/2). Calculate the greatest common factor of 11 and u.
11
Suppose 4*g - 380 = 2*g. Let i(t) = -3*t - 31. Let r be i(-26). Suppose -s + g = r. What is the highest common divisor of s and 13?
13
Let b = -16 + 7. Let i(r) = r**2 + 8*r + 18. Let x be i(b). Suppose 0 = -5*c + 4*o + 63, -c - 2*c - 3*o = -x. Calculate the greatest common divisor of c and 66.
11
Suppose 8*d = 20 + 44. Suppose -2*n + 7*n - 4*v = 720, 0 = 2*n - 2*v - 288. Calculate the highest common factor of n and d.
8
Let g(h) = h**2 - 6*h - 9. Let n be g(7). Let b be n*(-9)/12*42. Suppose 4*d - d - b = 0. What is the highest common divisor of d and 42?
21
Suppose 3*c - 3*i + 2*i - 104 = 0, 3*i + 108 = 3*c. Suppose q - 13 = 3*w, 3*q + 3*w = 7*w + c. Calculate the highest common factor of q and 20.
10
Suppose 4*l - 2092 + 1264 = 0. What is the highest common factor of l and 276?
69
Suppose 3*g + y = 93, 0 = -3*g - 7*y + 2*y + 105. Suppose -g*i = -35*i + 880. Calculate the highest common divisor of 16 and i.
16
Suppose 3*w = -2*h + 808 + 501, -3*h = 2*w - 1966. What is the highest common factor of 16 and h?
16
Let i be (22/(-4) + -3)/((-1)/6). Suppose 0 = -5*o - 5*l + 105, -2*o - 21 = -2*l - i. Calculate the greatest common factor of 126 and o.
18
Let x be (3 - (7 - 3))*11*-1. Let k be (-155)/10 + 1/2. Let o be (22/(-3))/(2/k). What is the greatest common divisor of x and o?
11
Suppose -n + 480 = 3*n. Let m be (6/(-9))/((-4)/n). What is the highest common divisor of m and 8?
4
Let y = -1451 + 1475. What is the greatest common factor of 78 and y?
6
Let a = -1774 - -1790. Calculate the highest common divisor of a and 24.
8
Suppose -o + 8 = y + 2*y, 2*o = y + 2. Suppose 0 = o*p - 4*p + 10. Let u(n) = n**2 + 68*n + 147. Let v be u(-66). What is the highest common factor of p and v?
5
Let m be (-4)/5 - (-3 + (-6146)/70). What is the greatest common factor of 510 and m?
30
Let z be (-8)/(-12) - ((-6152)/24 - -1). What is the highest common factor of z and 56?
8
Suppose 0 = -4*m + 5*d - 6 - 7, -2 = -2*d. Let x(a) = -10*a - 12. Let n be x(m). Calculate the greatest common divisor of 4 and n.
4
Let i(d) = -74*d + 73. Let h be i(-4). Calculate the highest common factor of 18 and h.
9
Suppose 0 = -4*q + 2*i + 230, -i + 1 + 4 = 0. Let l(k) = 3*k + 9. Let f be l(5). 